t h = -287 - -297. Let u(k) = -2*k + 2*k + k + 10. What is the remainder when 77 is divided by u(h)?
17
Let l be 3 + (150*1)/3. Suppose 0 = 3*h - l + 29. Calculate the remainder when 25 is divided by h.
1
Let b = 78 + -28. Calculate the remainder when b is divided by 17.
16
Let s = 677 - 552. What is the remainder when s is divided by 7?
6
Suppose -4*r + 45 - 5 = 0. Let t = 2 + r. Calculate the remainder when 45 is divided by t.
9
Let c = 1369 - 1368. Calculate the remainder when 2 is divided by c.
0
Let d be 2 + (-1 + -2 - -4). Suppose -k = -s - d*k + 17, 4*k - 13 = s. Calculate the remainder when 27 is divided by s.
6
Suppose 5*z + 2*s - 6 = 0, z = -0*z - s. Suppose 7*o = z*o + 20, 5*x = -2*o + 23. Calculate the remainder when 2 - (-6 + 1/(-1)) is divided by x.
0
Let n(v) be the first derivative of 19*v**2/2 + 15*v + 8. Calculate the remainder when n(12) is divided by 49.
47
Let s(n) = n**2 + 5*n. Let j be s(-5). Suppose -2*d - 3*d = j. Suppose 4*k - 164 = -d*k. Calculate the remainder when k is divided by 11.
8
Let u be -6*(-2)/(-14)*(0 - 7). Suppose 2*j = 20 + 14. Calculate the remainder when (2/u + -1)*(-2790)/60 is divided by j.
14
Suppose -8*y + 82 = -94. Suppose 0 = -h + 2*h - 51. Suppose 2*q + 2*c + 18 = 4*q, 4*q - h = -c. Calculate the remainder when y is divided by q.
10
Let o(v) = -v**2 + 11*v - 13. Calculate the remainder when 25 is divided by o(4).
10
Let u = 52 - -18. Let j = 86 - u. Calculate the remainder when 94 is divided by j.
14
Let y = 36 + -64. Let n = y - -71. Calculate the remainder when n is divided by 11.
10
Suppose 24*c - 16*c - 136 = 0. What is the remainder when 99 is divided by c?
14
Suppose -7*l + 40 = -72. Calculate the remainder when 9 is divided by -28*(-5)/18 + l/72.
1
Suppose 2*o - 6*s - 4 = -2*s, 3*s = 0. Suppose o*w + 15 - 84 = -3*x, -3*x - 3*w + 66 = 0. What is the remainder when 95 is divided by x?
20
Let b be (-10)/(2 - 24/10). Let i be (b/(-10))/((-1)/(-2)). Let d = 12 - i. Calculate the remainder when d is divided by 9.
8
Let z be 32/6 - (-1 - (-6)/18). Suppose 0 = -2*v - 4*t + 6, 37 = z*v - 3*v - t. Calculate the remainder when 74 is divided by v.
8
Let i = -1 - -9. Suppose 3*o = i*o - 335. Suppose 4*x - o = 3*x. Calculate the remainder when x is divided by 17.
16
Let s(p) = p**3 + 13*p**2 - 21*p - 9. What is the remainder when s(-14) is divided by 60?
29
Let m be (3 + 2/(-1))*0. Suppose 4*u + 188 = 3*g, m = -4*g + 2*u + 331 - 87. Suppose -3*p - 2*p = -g. What is the remainder when 46 is divided by p?
10
Suppose -2*l - n + 46 = 0, -4*n + 121 = 11*l - 6*l. Suppose 2*q - 2*i - 154 = -42, -5*i = -4*q + 223. What is the remainder when q is divided by l?
15
Suppose s - 5*i + i - 29 = 0, -5*s = 3*i - 53. Let x(j) = j**3 - 12*j**2 - j - 9. Calculate the remainder when x(s) is divided by 37.
36
Let h = 520 + -500. What is the remainder when 238 is divided by h?
18
Let t = 0 + 17. Let v = 26 + -22. Let w = v + 25. Calculate the remainder when w is divided by t.
12
Suppose 2 = -5*i + 17. Suppose -9 = -i*k + 36. Suppose -35 - 255 = -5*t. What is the remainder when t is divided by k?
13
What is the remainder when 183 is divided by (-1 - 45)*(-17)/34?
22
Suppose 3*z + 0*z + 2 = 2*y, -2*z + 4 = 0. Suppose -4*s + y*j = -560, -2*s - j = -s - 130. Calculate the remainder when s is divided by 46.
43
Suppose -4 = -2*c, -4*c - 64 = o + 54. Let a = -60 - o. Calculate the remainder when 1/((-64)/a - -1) is divided by 17.
16
Let v = -375 + 553. Suppose 5*n - 2*n - 126 = o, -v = -4*n - 2*o. What is the remainder when 168 is divided by n?
39
Let i(z) = 4*z**2 + 14 + 3*z**2 - 6*z**2 + 16*z. Let s = 6 - -5. Calculate the remainder when i(-17) is divided by s.
9
Suppose 5*u + 5 = 5. What is the remainder when 59 - 4/(-12)*u/(-1) is divided by 30?
29
Let n(y) = 301*y**2 - 27*y - 300*y**2 + 108 - 7. Suppose 4*b - 158 = 70. Calculate the remainder when b is divided by n(24).
28
Let a be (6/9)/((-6)/(-1305)). Suppose 3*u - 649 + a = 0. Suppose -4*o = -0*o - u. Calculate the remainder when o is divided by 11.
9
Suppose 0 = -17*g - 14*g + 961. What is the remainder when 205 is divided by g?
19
Let j(t) = 4*t**2 - 2*t - 3. Let v be j(-2). Let p = v + -13. Suppose -2*f - 5*o + 22 = 0, p*f + 2*o + o = 72. Calculate the remainder when 61 is divided by f.
19
Let a(y) = y**3 + y**2 - y + 10. Calculate the remainder when 78 is divided by a(0).
8
Let j = -104 - -72. Let z = -17 - j. Suppose 2*i - 217 = -3*g, 293 + z = 4*g - 2*i. Calculate the remainder when g is divided by 26.
23
Let s = -10 - -12. Suppose -s*g + 19 + 71 = 0. Calculate the remainder when g is divided by 16.
13
Calculate the remainder when (-41)/3*(-8 + 5) is divided by (-31 - -1)/(((-2)/(-1))/(-1)).
11
Let a(d) = d**3 - 3*d**2 - 28*d + 59. What is the remainder when 471 is divided by a(7)?
58
Let q(i) = 33*i**2 - 5*i - 2. What is the remainder when 176 is divided by q(-1)?
32
Let m(w) = -5*w**2 + 134*w - 9. What is the remainder when m(7) is divided by 49?
47
Let k(p) = -31 + 11 + 11 + p**2 + 9*p - 30. What is the remainder when k(5) is divided by 9?
4
Suppose 5*o + 0*o = 130. Calculate the remainder when o is divided by (-90)/9 + 6 + 18.
12
Suppose 0 = -13*m + 11*m + 22. Suppose -4*g + 5*q = -12, 3*q - 9 - m = -g. What is the remainder when 78 is divided by g?
6
What is the remainder when 233 is divided by (-2 - 0)/(4/(-26) - 0)?
12
Let n = 974 + -918. Calculate the remainder when 90 is divided by n.
34
Suppose 3*z = -z + 424. Let u be (z/4)/((-6)/(-12)). Suppose -4*h + u + 19 = 0. Calculate the remainder when 71 is divided by h.
17
Suppose 2*o + 100 = 3*t - t, 5*t - 245 = 4*o. What is the remainder when t is divided by 2982/189 + 4/18?
13
Let d(g) = -3*g**2 - 6*g**2 + 18*g**3 - 17*g**3 + 4*g + 11*g + 2. What is the remainder when 15 is divided by d(7)?
6
Let h(t) = t**2 - 6*t + 7. Let p be h(-4). Let b = p - 34. What is the remainder when 45 is divided by b?
6
Let s be (-2)/(-7) + 288/(-28). Let f be -2*(-5)/s*-3. Suppose 0 = -f*p + 9, -2 - 1 = -2*u + 5*p. Calculate the remainder when 33 is divided by u.
6
Suppose -b + 4*t - 5 = 0, 2*t - 4 = -b + 15. Let i(m) = -7*m + 176. Calculate the remainder when i(22) is divided by b.
0
Let b = -152 - -179. Suppose -5*r = v - 0*v - b, v + 2*r - 18 = 0. Suppose y = 3*y - 62. What is the remainder when y is divided by v?
7
Let p be 13 + -11 - (0 + 0). Suppose p*q - 21 = q. What is the remainder when 61 is divided by q?
19
Suppose -5*y + 4*y - w = -68, -3*w = 4*y - 273. Let j = 76 - y. Calculate the remainder when (12/(-10))/((-6)/160) is divided by j.
4
Let a = 226 - 141. What is the remainder when 251 is divided by a?
81
Let w = 4 - -5. Let n(y) = 3*y**2 + 1. Let b(c) = -14*c**2 - 12*c - 18. Let d(q) = -b(q) - 5*n(q). What is the remainder when d(w) is divided by 21?
19
Suppose -4*l - 7 + 71 = 0. Suppose -2*x + 78 = -198. What is the remainder when l is divided by 1 - (x/(-24) + 3/4)?
4
Suppose 2*g - 72 = -7*g. What is the remainder when 287 is divided by g?
7
Suppose 2*w + 7 = w. Calculate the remainder when 71 is divided by (w - -8)/((-2)/(-18)).
8
Suppose 0 = 2*o + d + 2 - 7, 0 = -2*o - 4*d - 10. Suppose -o*a + 2*a = -357. Calculate the remainder when a is divided by 20.
19
Let y(u) = u**2 - 11*u + 6. Let h be y(11). Let k(p) = 9*p + 4 - 2 - 2 + 2. Calculate the remainder when k(h) is divided by 29.
27
Let m = 258 - 181. Calculate the remainder when m is divided by 8.
5
What is the remainder when 4*30 + -9 + 10 is divided by 31?
28
What is the remainder when ((-90)/9 - -13)/((-1)/(-221)) is divided by 19?
17
Let c = 33 + 16. Suppose -2*t - q + c = t, -3*q = -3. What is the remainder when 43 is divided by t?
11
Let x(c) = c**3 - 10*c**2 - 26*c + 28. What is the remainder when 136 is divided by x(12)?
0
Suppose -577 = 5*b - 37. What is the remainder when (-601)/(-9) - (-6)/b*-4 is divided by 14?
11
Suppose 6*q - 15 = q. Suppose 0 = -q*n - 0*n + 36. Calculate the remainder when 47 is divided by n.
11
Suppose -4*r + 5*m - 4*m + 66 = 0, -5*r - 3*m + 91 = 0. What is the remainder when 28 is divided by r?
11
Suppose 2*d - 107 = d. Suppose -2*w - q + 85 = 2*w, 5*w - d = -2*q. Suppose -a = -0*a + o - 85, -4*a - o = -328. What is the remainder when a is divided by w?
18
Let c(z) = -378*z**3 + z**2 + 8*z + 6. Calculate the remainder whe